**3 + 2*y**2 + 4*y + 1. Suppose 4*s = b - 2*b - 21, b + 25 = -5*s. What is w(s)?
4
Suppose -4 = 3*q + q. Let r(o) = o. Let v(j) = -4*j + 1. Let a(s) = -5*r(s) - v(s). Calculate a(q).
0
Let r(q) = -3*q**3 - 11*q**2 - 1. Let h(f) = 8*f**3 + 33*f**2 + 3. Let w(a) = -4*h(a) - 11*r(a). What is w(11)?
-1
Suppose 3*g + 3 = 4*g. Let c(b) = 2*b - g + 7 + 1. Let t(x) = x + 7. Let r be t(-11). Calculate c(r).
-3
Let j be -3 + -3 + 2 + 3. Let v(h) = 3*h**2 - 1. Give v(j).
2
Let k(v) = v + 8. Let m be k(-5). Let d(w) = w**3 - 2*w**2 - 2*w - 2. Determine d(m).
1
Suppose -10*m = -12*m. Let g(y) = y - 13. Calculate g(m).
-13
Let f(s) = -s**3 - s**2 + s - 6. Let p be (-2)/7 + (-6)/(-21). Let q be p/3 + 0/1. Give f(q).
-6
Let v be ((-75)/40)/3*-4. Let b(l) be the first derivative of 4 + 1/3*l**3 - v*l**2 + 6*l. Give b(5).
6
Suppose 2*h = -5*g - 16, -3*g = -3*h + 4 + 14. Let o(d) be the third derivative of -1/60*d**5 - 2*d**2 - 1/6*d**4 + 0 + 0*d**3 + 0*d. Calculate o(g).
0
Let s(i) = i**2 - 3*i + 4. Let t be s(4). Let x = t - 6. Let y(w) = -w**3 + 2*w**2 - 3*w + 1. Give y(x).
-5
Let g(t) = t + 5*t + 447 - 454. Give g(6).
29
Let u(k) = -k**2 + 3. Let m(a) = -2*a + 21. Let y(w) = -w**2 - 10*w - 7. Let d be y(-8). Let s be m(d). What is u(s)?
-6
Let a = 36 + -51. Let x be (4/(-5))/((-2)/a). Let u(h) = -h**3 - 5*h**2 + 5*h - 5. Determine u(x).
1
Let y(b) = -3*b - 1. Let k be y(-1). Let t(i) = -2*i + 0*i - i**3 + 4*i**2 - 1 - k*i. Give t(3).
-4
Let l(g) = 15*g + 16. Let a(f) = 3*f + 3. Let p(t) = -22*a(t) + 4*l(t). Determine p(3).
-20
Let p(k) be the third derivative of -k**6/20 + k**5/60 - k**4/24 + k**2. What is p(1)?
-6
Suppose -5*z = 2 - 17. Let y be (3 - (-1 + z)) + -2. Let c(r) be the third derivative of 5*r**4/24 + r**2. Determine c(y).
-5
Let r(p) = 3*p - 7. Let g(x) = 10 + 5 - 2*x - 7*x + 2*x. Let s(f) = -4*g(f) - 9*r(f). Let k be (-6)/21 - 46/(-14). Determine s(k).
6
Let h(i) = i**2 - 8*i + 7. Let t = 43 - 38. Give h(t).
-8
Let f(y) be the second derivative of -y - 1/6*y**3 + 0*y**2 + 0 + 1/360*y**6 + 0*y**5 + 1/12*y**4. Let d(q) be the second derivative of f(q). Give d(0).
2
Let t(o) = o**2 + 6*o + 2. Let u = 19 - 21. Let l be ((-2)/4)/(u/(-16)). Calculate t(l).
-6
Suppose 2*u - 4 = -5*r, -10 = -5*u + 3*r - 0. Let g(f) = f**3 - 5*f**2 + 6. Let k be g(5). Suppose k*c = u*c. Let t(y) = -y**2 + y. Determine t(c).
0
Let v(j) = j**2 - 6*j + 9. Let x be (-7)/((-28)/(-8)) - -8. What is v(x)?
9
Suppose 4*t + y - 4*y = 20, -3*y = 5*t + 2. Let o(d) be the first derivative of -d**4/2 + d**3/3 + d**2/2 + 3. Determine o(t).
-10
Let h(b) = -3*b**2 - b + 1. Suppose 3*d - 1 = 2. Calculate h(d).
-3
Let v = -31 + 36. Let u(p) = -p**2 + 6*p - 6. What is u(v)?
-1
Let g(l) = -l**3 + 7*l**2 - 5*l - 2. Let p be g(6). Let a be (15/(-6))/((-2)/p). Suppose -u + o - 13 = u, 5*u = -5*o + a. Let t(m) = -m**2 - 7*m - 6. Give t(u).
6
Let p(r) = r**2 + 4*r - 4. Let h(u) = -2*u**2 - 7*u + 9. Let b(m) = -3*h(m) - 5*p(m). Determine b(0).
-7
Let j be (-2)/8 + (-15)/(-12). Let g = 2 + j. Let k(r) = r + r - 1 + 0. Calculate k(g).
5
Let d(w) = w**2 + 11*w - 17. Let a be d(-12). Let o(j) = -j**2 - 8*j - 3. What is o(a)?
12
Let q be 2 - (0 - -1) - (-1)/1. Let w(g) be the second derivative of 1/4*g**4 - q*g + 0 + 1/3*g**3 - g**2. Calculate w(-2).
6
Let j = -7 + 7. Suppose 0 = -5*f + 2*q - 0*q + 21, j = -2*f - 2*q. Let c(v) = -v + 2 - f*v**2 + 4*v + 6*v**2. Determine c(-2).
8
Let f(v) = -v**2 + 4*v + 1. Let s be f(3). Let x(y) = y**2 - 5*y - 4. Let b(k) = -k. Let p(h) = 3*b(h) - x(h). Give p(s).
-4
Let t(s) = 8*s + 7. Let r be t(-1). Let x(y) = y**2. Determine x(r).
1
Let z(v) = v**2 + 8*v + 6. Let l be (-8 + 6)/((-6)/(-15)). What is z(l)?
-9
Let i(n) = -2*n + 1. Let x be 3/9 + 34/6. Let f be 6 - (x - 3)/(-3). Let s(a) = a - 10. Let h be s(f). Calculate i(h).
7
Let d(r) = -5 + 3 + 0 - r. Let k(m) = -16*m**3 - 4*m**2 + 15*m - 6. Let l(x) = 3*x**3 + x**2 - 3*x + 1. Let v(s) = 2*k(s) + 11*l(s). Let n be v(-4). Give d(n).
3
Suppose 0 = 5*v + 3 + 7. Let u(r) = r**3 - 2*r - 1. Give u(v).
-5
Let h(l) be the first derivative of -l**4/4 - 2*l**3 - 2*l**2 - 8*l + 2. Give h(-6).
16
Let o(x) = 16*x + 3. Let z(n) be the third derivative of 481*n**4/24 + 91*n**3/6 + 3*n**2. Let u(y) = 91*o(y) - 3*z(y). What is u(-1)?
-13
Let x(w) be the second derivative of -2*w**3/3 + w**2/2 + w. Let r = 4 + -2. Determine x(r).
-7
Suppose 0 = -2*b + 4*x + 10, b - x = 5 + 1. Let p(w) = -w + 5. Determine p(b).
-2
Suppose -3*k = k + 28. Let b = 5 + k. Let r(c) = -c**2 - 2*c + 2. Let a(w) = -4*w**2 - 10*w + 10. Let j(i) = -2*a(i) + 11*r(i). Determine j(b).
-6
Let r(x) be the third derivative of 0 - 1/8*x**4 + 4*x**2 - 1/3*x**3 + 0*x - 1/30*x**5. Give r(-2).
-4
Let q be (2 - 7)*(-1 - -2). Let h(w) = 7 + w**3 + 8*w + 9*w + 5*w**2 - 15*w. Let a be h(q). Let u(j) = -j**3 - 4*j**2 - j + 3. Determine u(a).
-3
Suppose -3*t - 6 = -3*z + 21, 0 = -3*z + 2*t + 26. Let w(v) = v - 3. Let p be w(6). Let g(b) = b - p + z - 1. What is g(-2)?
2
Let c = -6 - -12. Let u be (10/4 - 2)*c. Let x(k) = -3*k - 8. Let g(w) = -2*w - 7. Let t(v) = -4*g(v) + 3*x(v). Determine t(u).
1
Let t be (5 - 3) + -2 + 2. Suppose -6*b + t*m = -b + 22, -2*m = 3*b + 10. Let s(c) = 2*c. What is s(b)?
-8
Suppose 5*u - u = 0. Let s(t) = t**3 - 3. Calculate s(u).
-3
Let z(h) be the first derivative of 9/2*h**2 + 8*h - 7 - 2*h**3 - 1/4*h**4. Give z(-7).
-6
Let w(n) = -n**2 - n + 6. Let b be (-3*1)/(9/(-6)). Let r = b - 0. Let i be 0/(-2) + 0/r. What is w(i)?
6
Let n(t) be the third derivative of t**6/120 + t**5/30 - t**4/24 + 2*t**3/3 + 31*t**2. Calculate n(-3).
-2
Suppose 5*u - 2*l + 2 = 0, u - 4*l + 4 = -u. Let r(o) = -3*o + o**2 - 5*o + u*o + 6 + o. Let f = -7 + 12. Determine r(f).
-4
Let t(h) = 5*h**3 - 3*h**2 - 3*h - 3. Let c(i) = 6*i**3 - 4*i**2 - 4*i - 4. Let a(y) = 3*c(y) - 4*t(y). Calculate a(-1).
2
Let x(h) = h**3 + 6*h**2 + 5*h - 5. Suppose 0 = -l - u + 2*u, 15 = -3*u. Determine x(l).
-5
Let n(f) be the third derivative of -f**6/120 - f**4/24 - 2*f**3/3 + 25*f**2. Let y(v) = -v**3 - 2*v**2 + 4*v + 3. Let i be y(-3). Give n(i).
-4
Let c(z) = -z**3 - 6*z**2 + 3*z + 8. Let t(b) = -b**2 + 5*b. Let r be t(6). Give c(r).
-10
Suppose 5*v + 6 = 3*h - 0*h, 5*v - 4 = -2*h. Let u(b) = -b**3 + 2*b**2 - b - 2. What is u(h)?
-4
Let b(j) be the first derivative of -3 + j**2 - 4*j + 1/3*j**3. What is b(-3)?
-1
Let v(q) = -q**2 - 5*q + 1. Let x be (6/(-3))/2 - (-20)/(-5). Determine v(x).
1
Let t(u) = 4*u**2 + 3*u + 1. Let s(q) = -4*q**2 - 4*q - 1. Let j(o) = 4*s(o) + 5*t(o). What is j(1)?
4
Let a be -10 - 1 - (-4 - -3). Let f(b) = b**3 + 9*b**2 - 11*b - 5. Let o be f(a). Let w(g) be the second derivative of g**3/6 + g**2/2 + g. What is w(o)?
6
Let g(o) = 0*o**2 - o**3 + 0*o + 2*o + 0*o**3 + o**2. Calculate g(-2).
8
Let a(z) be the second derivative of -2*z + 5/6*z**3 + 0 - 1/2*z**2 + 1/12*z**4. Let t be -6 - (2 + (-3 - 1)). Give a(t).
-5
Let u(l) be the first derivative of -l**3/3 - 7*l**2/2 + 3*l + 5. Let q(p) be the first derivative of u(p). Calculate q(-7).
7
Let s(b) = -2*b**2 - 9*b + 8. Let n be (5/(-3) + 1)/(6/63). What is s(n)?
-27
Suppose -9*h + 5*h + 8 = 0. Let x(k) = k**3 - 2*k**2 + k. Determine x(h).
2
Let s(o) = -10*o - 2*o + 11*o. What is s(6)?
-6
Let o(q) be the first derivative of q**2/2 + 9*q - 2. Let g be o(-7). Let t(p) be the second derivative of p**5/20 - p**4/6 + p**3/6 - p**2 + 2*p. Give t(g).
0
Let d(p) = -p**3 - 9*p**2 - 9*p - 5. Let q be d(-8). Suppose -2*m + 5 = -q. Suppose -m*c - c = 0. Let k(n) = n**2 - 4. What is k(c)?
-4
Suppose -2*x = 2*x - 48. Suppose -f + x = 2*f. Suppose -5 = 3*q + f. Let s(d) = -d**3 - 3*d**2 - 2*d. Give s(q).
6
Suppose 159 - 39 = 4*u. Let f = u - 37. Let g(t) = -t**2 - 7*t. Calculate g(f).
0
Suppose 5*r - 12 - 3 = 0. Let h(a) be the second derivative of -2*a**2 - 1/4*a**4 - 2/3*a**r + 0 + 1/20*a**5 - a. Calculate h(4).
-4
Let f(x) be the second derivative of -x**3/6 - 5*x**2/2 + x. Let k(r) = r. Suppose 16 = -5*b + 1. Let w be k(b). Determine f(w).
-2
Let c(n) = 1 - 2 + 4 + n + 0*n. Calculate c(5).
8
Let k be 24/14 + 6/21. Let g(n) = 4*n + 4*n - 4*n - 6*n. Give g(k).
-4
Let k(w) be the second derivative of -w**8/6720 + w**7/2520 - w**6/720 + w**5/30 + 3*w**4/4 + 3*w. Let x(n) be the third derivative of k(n). Calculate x(3).
-1